[INFO] cloning repository https://github.com/ozkriff/gfx_test
[INFO] running `Command { std: "git" "-c" "credential.helper=" "-c" "credential.helper=/workspace/cargo-home/bin/git-credential-null" "clone" "--bare" "https://github.com/ozkriff/gfx_test" "/workspace/cache/git-repos/https%3A%2F%2Fgithub.com%2Fozkriff%2Fgfx_test", kill_on_drop: false }`
[INFO] [stderr] Cloning into bare repository '/workspace/cache/git-repos/https%3A%2F%2Fgithub.com%2Fozkriff%2Fgfx_test'...
[INFO] running `Command { std: "git" "rev-parse" "HEAD", kill_on_drop: false }`
[INFO] [stdout] ac1d15523f1dcdcdfec1fdd9bb3864cacc307aa8
[INFO] checking ozkriff/gfx_test against master#af3c6e733a40e671550e0f0f5aeecaa13772ba56 for pr-74989
[INFO] running `Command { std: "git" "clone" "/workspace/cache/git-repos/https%3A%2F%2Fgithub.com%2Fozkriff%2Fgfx_test" "/workspace/builds/worker-11/source", kill_on_drop: false }`
[INFO] [stderr] Cloning into '/workspace/builds/worker-11/source'...
[INFO] [stderr] done.
[INFO] validating manifest of git repo https://github.com/ozkriff/gfx_test on toolchain af3c6e733a40e671550e0f0f5aeecaa13772ba56
[INFO] running `Command { std: "/workspace/cargo-home/bin/cargo" "+af3c6e733a40e671550e0f0f5aeecaa13772ba56" "read-manifest" "--manifest-path" "Cargo.toml", kill_on_drop: false }`
[INFO] started tweaking git repo https://github.com/ozkriff/gfx_test
[INFO] finished tweaking git repo https://github.com/ozkriff/gfx_test
[INFO] tweaked toml for git repo https://github.com/ozkriff/gfx_test written to /workspace/builds/worker-11/source/Cargo.toml
[INFO] crate git repo https://github.com/ozkriff/gfx_test already has a lockfile, it will not be regenerated
[INFO] running `Command { std: "/workspace/cargo-home/bin/cargo" "+af3c6e733a40e671550e0f0f5aeecaa13772ba56" "fetch" "--locked" "--manifest-path" "Cargo.toml", kill_on_drop: false }`
[INFO] [stderr] error: the lock file /workspace/builds/worker-11/source/Cargo.lock needs to be updated but --locked was passed to prevent this
[INFO] [stderr] If you want to try to generate the lock file without accessing the network, use the --offline flag.
[INFO] the lockfile is outdated, regenerating it
[INFO] running `Command { std: "/workspace/cargo-home/bin/cargo" "+af3c6e733a40e671550e0f0f5aeecaa13772ba56" "generate-lockfile" "--manifest-path" "Cargo.toml" "-Zno-index-update", kill_on_drop: false }`
[INFO] running `Command { std: "/workspace/cargo-home/bin/cargo" "+af3c6e733a40e671550e0f0f5aeecaa13772ba56" "fetch" "--locked" "--manifest-path" "Cargo.toml", kill_on_drop: false }`
[INFO] running `Command { std: "docker" "create" "-v" "/var/lib/crater-agent-workspace/builds/worker-11/target:/opt/rustwide/target:rw,Z" "-v" "/var/lib/crater-agent-workspace/builds/worker-11/source:/opt/rustwide/workdir:ro,Z" "-v" "/var/lib/crater-agent-workspace/cargo-home:/opt/rustwide/cargo-home:ro,Z" "-v" "/var/lib/crater-agent-workspace/rustup-home:/opt/rustwide/rustup-home:ro,Z" "-e" "SOURCE_DIR=/opt/rustwide/workdir" "-e" "CARGO_TARGET_DIR=/opt/rustwide/target" "-e" "CARGO_HOME=/opt/rustwide/cargo-home" "-e" "RUSTUP_HOME=/opt/rustwide/rustup-home" "-w" "/opt/rustwide/workdir" "-m" "1610612736" "--user" "0:0" "--network" "none" "rustops/crates-build-env@sha256:d92eaeed33fa75130ca1ee6c8a01d1ffb62bac859dfdfb3450e3e5d1c0146529" "/opt/rustwide/cargo-home/bin/cargo" "+af3c6e733a40e671550e0f0f5aeecaa13772ba56" "metadata" "--no-deps" "--format-version=1", kill_on_drop: false }`
[INFO] [stdout] 0876c7e53d82c37241c08340d94c738fdaf891274ab94041d2ccfdf7eeb45c41
[INFO] [stderr] WARNING: Your kernel does not support swap limit capabilities or the cgroup is not mounted. Memory limited without swap.
[INFO] running `Command { std: "docker" "start" "-a" "0876c7e53d82c37241c08340d94c738fdaf891274ab94041d2ccfdf7eeb45c41", kill_on_drop: false }`
[INFO] running `Command { std: "docker" "inspect" "0876c7e53d82c37241c08340d94c738fdaf891274ab94041d2ccfdf7eeb45c41", kill_on_drop: false }`
[INFO] running `Command { std: "docker" "rm" "-f" "0876c7e53d82c37241c08340d94c738fdaf891274ab94041d2ccfdf7eeb45c41", kill_on_drop: false }`
[INFO] [stdout] 0876c7e53d82c37241c08340d94c738fdaf891274ab94041d2ccfdf7eeb45c41
[INFO] running `Command { std: "docker" "create" "-v" "/var/lib/crater-agent-workspace/builds/worker-11/target:/opt/rustwide/target:rw,Z" "-v" "/var/lib/crater-agent-workspace/builds/worker-11/source:/opt/rustwide/workdir:ro,Z" "-v" "/var/lib/crater-agent-workspace/cargo-home:/opt/rustwide/cargo-home:ro,Z" "-v" "/var/lib/crater-agent-workspace/rustup-home:/opt/rustwide/rustup-home:ro,Z" "-e" "SOURCE_DIR=/opt/rustwide/workdir" "-e" "CARGO_TARGET_DIR=/opt/rustwide/target" "-e" "CARGO_INCREMENTAL=0" "-e" "RUST_BACKTRACE=full" "-e" "RUSTFLAGS=--cap-lints=forbid" "-e" "CARGO_HOME=/opt/rustwide/cargo-home" "-e" "RUSTUP_HOME=/opt/rustwide/rustup-home" "-w" "/opt/rustwide/workdir" "-m" "1610612736" "--user" "0:0" "--network" "none" "rustops/crates-build-env@sha256:d92eaeed33fa75130ca1ee6c8a01d1ffb62bac859dfdfb3450e3e5d1c0146529" "/opt/rustwide/cargo-home/bin/cargo" "+af3c6e733a40e671550e0f0f5aeecaa13772ba56" "check" "--frozen" "--all" "--all-targets" "--message-format=json", kill_on_drop: false }`
[INFO] [stdout] c269d644c995d4caf63e080ad80187dacdb7048d6e650ef67a2a815563fd7d9b
[INFO] [stderr] WARNING: Your kernel does not support swap limit capabilities or the cgroup is not mounted. Memory limited without swap.
[INFO] running `Command { std: "docker" "start" "-a" "c269d644c995d4caf63e080ad80187dacdb7048d6e650ef67a2a815563fd7d9b", kill_on_drop: false }`
[INFO] [stderr]    Compiling bitflags v1.2.1
[INFO] [stderr]    Compiling unicode-xid v0.1.0
[INFO] [stderr]    Compiling libloading v0.6.3
[INFO] [stderr]    Compiling semver-parser v0.7.0
[INFO] [stderr]     Checking same-file v1.0.6
[INFO] [stderr]     Checking adler32 v1.2.0
[INFO] [stderr]    Compiling num-traits v0.2.12
[INFO] [stderr]    Compiling x11-dl v2.18.5
[INFO] [stderr]    Compiling num-integer v0.1.43
[INFO] [stderr]    Compiling num-rational v0.2.4
[INFO] [stderr]    Compiling num-iter v0.1.41
[INFO] [stderr]    Compiling log v0.4.11
[INFO] [stderr]    Compiling libloading v0.5.2
[INFO] [stderr]     Checking stb_truetype v0.3.1
[INFO] [stderr]     Checking memmap v0.7.0
[INFO] [stderr]     Checking raw-window-handle v0.3.3
[INFO] [stderr]     Checking shared_library v0.1.9
[INFO] [stderr]     Checking parking_lot_core v0.7.2
[INFO] [stderr]     Checking mio v0.6.22
[INFO] [stderr]    Compiling proc-macro2 v0.4.30
[INFO] [stderr]     Checking inflate v0.4.5
[INFO] [stderr]     Checking deflate v0.7.20
[INFO] [stderr]     Checking walkdir v2.3.1
[INFO] [stderr]    Compiling gl_generator v0.14.0
[INFO] [stderr]     Checking osmesa-sys v0.1.2
[INFO] [stderr]    Compiling semver v0.9.0
[INFO] [stderr]     Checking parking_lot v0.10.2
[INFO] [stderr]     Checking nix v0.14.1
[INFO] [stderr]     Checking draw_state v0.8.0
[INFO] [stderr]     Checking dlib v0.4.2
[INFO] [stderr]    Compiling quote v0.6.13
[INFO] [stderr]    Compiling rustc_version v0.2.3
[INFO] [stderr]     Checking png v0.15.3
[INFO] [stderr]     Checking wayland-sys v0.21.13
[INFO] [stderr]     Checking wayland-sys v0.23.6
[INFO] [stderr]     Checking mio-extras v2.0.6
[INFO] [stderr]    Compiling wayland-scanner v0.21.13
[INFO] [stderr]    Compiling wayland-scanner v0.23.6
[INFO] [stderr]     Checking gfx_core v0.9.2
[INFO] [stderr]    Compiling parking_lot_core v0.6.2
[INFO] [stderr]    Compiling parking_lot v0.9.0
[INFO] [stderr]     Checking ordered-float v1.1.0
[INFO] [stderr]     Checking approx v0.3.2
[INFO] [stderr]     Checking line_drawing v0.7.0
[INFO] [stderr]    Compiling glutin_egl_sys v0.1.5
[INFO] [stderr]    Compiling glutin_glx_sys v0.1.7
[INFO] [stderr]    Compiling gfx_gl v0.6.1
[INFO] [stderr]     Checking rusttype v0.8.3
[INFO] [stderr]     Checking rusttype v0.7.9
[INFO] [stderr]     Checking image v0.22.5
[INFO] [stderr]     Checking andrew v0.2.1
[INFO] [stderr]    Compiling wayland-client v0.21.13
[INFO] [stderr]    Compiling wayland-protocols v0.21.13
[INFO] [stderr]    Compiling wayland-client v0.23.6
[INFO] [stderr]    Compiling wayland-protocols v0.23.6
[INFO] [stderr]     Checking gfx v0.18.2
[INFO] [stderr]     Checking wayland-commons v0.21.13
[INFO] [stderr]     Checking wayland-commons v0.23.6
[INFO] [stderr]     Checking calloop v0.4.4
[INFO] [stderr]     Checking gfx_device_gl v0.16.2
[INFO] [stderr]     Checking smithay-client-toolkit v0.6.6
[INFO] [stderr]     Checking smithay-client-toolkit v0.4.6
[INFO] [stderr]     Checking winit v0.22.2
[INFO] [stderr]     Checking winit v0.19.5
[INFO] [stderr]     Checking glutin v0.21.2
[INFO] [stderr]     Checking glutin v0.24.1
[INFO] [stderr]     Checking gfx_window_glutin v0.31.0
[INFO] [stderr]     Checking gfx_test v0.1.0 (/opt/rustwide/workdir)
[INFO] [stdout] error[E0432]: unresolved imports `glutin::Event`, `glutin::VirtualKeyCode`
[INFO] [stdout]   --> src/main.rs:11:19
[INFO] [stdout]    |
[INFO] [stdout] 11 | use glutin::{Api, Event, VirtualKeyCode, GlRequest};
[INFO] [stdout]    |                   ^^^^^  ^^^^^^^^^^^^^^ no `VirtualKeyCode` in the root
[INFO] [stdout]    |                   |
[INFO] [stdout]    |                   no `Event` in the root
[INFO] [stdout]    |                   help: a similar name exists in the module: `event`
[INFO] [stdout] 
[INFO] [stdout] 
[INFO] [stdout] error[E0432]: unresolved import `gfx::tex`
[INFO] [stdout]   --> src/main.rs:15:5
[INFO] [stdout]    |
[INFO] [stdout] 15 | use gfx::tex;
[INFO] [stdout]    |     ^^^^^^^^ no `tex` in the root
[INFO] [stdout] 
[INFO] [stdout] 
[INFO] [stdout] error[E0433]: failed to resolve: could not find `TouchPhase` in `glutin`
[INFO] [stdout]    --> src/main.rs:156:29
[INFO] [stdout]     |
[INFO] [stdout] 156 |                     glutin::TouchPhase::Moved => {
[INFO] [stdout]     |                             ^^^^^^^^^^ could not find `TouchPhase` in `glutin`
[INFO] [stdout] 
[INFO] [stdout] 
[INFO] [stdout] error[E0433]: failed to resolve: could not find `TouchPhase` in `glutin`
[INFO] [stdout]    --> src/main.rs:159:29
[INFO] [stdout]     |
[INFO] [stdout] 159 |                     glutin::TouchPhase::Started => {
[INFO] [stdout]     |                             ^^^^^^^^^^ could not find `TouchPhase` in `glutin`
[INFO] [stdout] 
[INFO] [stdout] 
[INFO] [stdout] error[E0433]: failed to resolve: could not find `TouchPhase` in `glutin`
[INFO] [stdout]    --> src/main.rs:163:29
[INFO] [stdout]     |
[INFO] [stdout] 163 |                     glutin::TouchPhase::Ended => {
[INFO] [stdout]     |                             ^^^^^^^^^^ could not find `TouchPhase` in `glutin`
[INFO] [stdout] 
[INFO] [stdout] 
[INFO] [stdout] error[E0433]: failed to resolve: could not find `TouchPhase` in `glutin`
[INFO] [stdout]    --> src/main.rs:167:29
[INFO] [stdout]     |
[INFO] [stdout] 167 |                     glutin::TouchPhase::Cancelled => unimplemented!(),
[INFO] [stdout]     |                             ^^^^^^^^^^ could not find `TouchPhase` in `glutin`
[INFO] [stdout] 
[INFO] [stdout] 
[INFO] [stdout] error[E0425]: cannot find value `MASK_ALL` in module `gfx::state`
[INFO] [stdout]   --> src/main.rs:31:70
[INFO] [stdout]    |
[INFO] [stdout] 31 |         out: gfx::BlendTarget<ColorFormat> = ("Target0", gfx::state::MASK_ALL, gfx::preset::blend::ALPHA),
[INFO] [stdout]    |                                                                      ^^^^^^^^ not found in `gfx::state`
[INFO] [stdout] 
[INFO] [stdout] 
[INFO] [stdout] error[E0412]: cannot find type `Window` in crate `glutin`
[INFO] [stdout]   --> src/main.rs:46:22
[INFO] [stdout]    |
[INFO] [stdout] 46 |     window: &glutin::Window,
[INFO] [stdout]    |                      ^^^^^^ not found in `glutin`
[INFO] [stdout]    |
[INFO] [stdout] help: consider importing one of these items
[INFO] [stdout]    |
[INFO] [stdout] 10 | use glutin::platform::unix::x11::Window;
[INFO] [stdout]    |
[INFO] [stdout] 10 | use glutin::platform::unix::x11::ffi::Window;
[INFO] [stdout]    |
[INFO] [stdout] 10 | use glutin::window::Window;
[INFO] [stdout]    |
[INFO] [stdout] 
[INFO] [stdout] 
[INFO] [stdout] error[E0412]: cannot find type `Window` in crate `glutin`
[INFO] [stdout]   --> src/main.rs:68:21
[INFO] [stdout]    |
[INFO] [stdout] 68 |     window: glutin::Window,
[INFO] [stdout]    |                     ^^^^^^ not found in `glutin`
[INFO] [stdout]    |
[INFO] [stdout] help: consider importing one of these items
[INFO] [stdout]    |
[INFO] [stdout] 10 | use glutin::platform::unix::x11::Window;
[INFO] [stdout]    |
[INFO] [stdout] 10 | use glutin::platform::unix::x11::ffi::Window;
[INFO] [stdout]    |
[INFO] [stdout] 10 | use glutin::window::Window;
[INFO] [stdout]    |
[INFO] [stdout] 
[INFO] [stdout] 
[INFO] [stdout] error[E0433]: failed to resolve: could not find `WindowBuilder` in `glutin`
[INFO] [stdout]   --> src/main.rs:97:31
[INFO] [stdout]    |
[INFO] [stdout] 97 |         let builder = glutin::WindowBuilder::new()
[INFO] [stdout]    |                               ^^^^^^^^^^^^^ not found in `glutin`
[INFO] [stdout]    |
[INFO] [stdout] help: consider importing this struct
[INFO] [stdout]    |
[INFO] [stdout] 10 | use glutin::window::WindowBuilder;
[INFO] [stdout]    |
[INFO] [stdout] 
[INFO] [stdout] 
[INFO] [stdout] error[E0412]: cannot find type `Event` in crate `glutin`
[INFO] [stdout]    --> src/main.rs:138:48
[INFO] [stdout]     |
[INFO] [stdout] 138 |     fn handle_event(&mut self, event: &glutin::Event) {
[INFO] [stdout]     |                                                ^^^^^ not found in `glutin`
[INFO] [stdout]     |
[INFO] [stdout] help: consider importing this enum
[INFO] [stdout]     |
[INFO] [stdout] 10  | use glutin::event::Event;
[INFO] [stdout]     |
[INFO] [stdout] 
[INFO] [stdout] 
[INFO] [stdout] error[E0422]: cannot find struct, variant or union type `Touch` in crate `glutin`
[INFO] [stdout]    --> src/main.rs:154:34
[INFO] [stdout]     |
[INFO] [stdout] 154 |             Event::Touch(glutin::Touch{phase, ..}) => {
[INFO] [stdout]     |                                  ^^^^^ not found in `glutin`
[INFO] [stdout]     |
[INFO] [stdout] help: consider importing one of these items
[INFO] [stdout]     |
[INFO] [stdout] 10  | use glutin::event::Touch;
[INFO] [stdout]     |
[INFO] [stdout] 10  | use glutin::event::WindowEvent::Touch;
[INFO] [stdout]     |
[INFO] [stdout] 
[INFO] [stdout] 
[INFO] [stdout] error[E0432]: unresolved imports `glutin::Event`, `glutin::VirtualKeyCode`
[INFO] [stdout]   --> src/main.rs:11:19
[INFO] [stdout]    |
[INFO] [stdout] 11 | use glutin::{Api, Event, VirtualKeyCode, GlRequest};
[INFO] [stdout]    |                   ^^^^^  ^^^^^^^^^^^^^^ no `VirtualKeyCode` in the root
[INFO] [stdout]    |                   |
[INFO] [stdout]    |                   no `Event` in the root
[INFO] [stdout]    |                   help: a similar name exists in the module: `event`
[INFO] [stdout] 
[INFO] [stdout] 
[INFO] [stdout] error[E0432]: unresolved import `gfx::tex`
[INFO] [stdout]   --> src/main.rs:15:5
[INFO] [stdout]    |
[INFO] [stdout] 15 | use gfx::tex;
[INFO] [stdout]    |     ^^^^^^^^ no `tex` in the root
[INFO] [stdout] 
[INFO] [stdout] 
[INFO] [stdout] error[E0433]: failed to resolve: could not find `TouchPhase` in `glutin`
[INFO] [stdout]    --> src/main.rs:156:29
[INFO] [stdout]     |
[INFO] [stdout] 156 |                     glutin::TouchPhase::Moved => {
[INFO] [stdout]     |                             ^^^^^^^^^^ could not find `TouchPhase` in `glutin`
[INFO] [stdout] 
[INFO] [stdout] 
[INFO] [stdout] error[E0433]: failed to resolve: could not find `TouchPhase` in `glutin`
[INFO] [stdout]    --> src/main.rs:159:29
[INFO] [stdout]     |
[INFO] [stdout] 159 |                     glutin::TouchPhase::Started => {
[INFO] [stdout]     |                             ^^^^^^^^^^ could not find `TouchPhase` in `glutin`
[INFO] [stdout] 
[INFO] [stdout] 
[INFO] [stdout] error[E0433]: failed to resolve: could not find `TouchPhase` in `glutin`
[INFO] [stdout]    --> src/main.rs:163:29
[INFO] [stdout]     |
[INFO] [stdout] 163 |                     glutin::TouchPhase::Ended => {
[INFO] [stdout]     |                             ^^^^^^^^^^ could not find `TouchPhase` in `glutin`
[INFO] [stdout] 
[INFO] [stdout] 
[INFO] [stdout] error[E0433]: failed to resolve: could not find `TouchPhase` in `glutin`
[INFO] [stdout]    --> src/main.rs:167:29
[INFO] [stdout]     |
[INFO] [stdout] 167 |                     glutin::TouchPhase::Cancelled => unimplemented!(),
[INFO] [stdout]     |                             ^^^^^^^^^^ could not find `TouchPhase` in `glutin`
[INFO] [stdout] 
[INFO] [stdout] 
[INFO] [stdout] error[E0425]: cannot find value `MASK_ALL` in module `gfx::state`
[INFO] [stdout]   --> src/main.rs:31:70
[INFO] [stdout]    |
[INFO] [stdout] 31 |         out: gfx::BlendTarget<ColorFormat> = ("Target0", gfx::state::MASK_ALL, gfx::preset::blend::ALPHA),
[INFO] [stdout]    |                                                                      ^^^^^^^^ not found in `gfx::state`
[INFO] [stdout] 
[INFO] [stdout] 
[INFO] [stdout] error[E0412]: cannot find type `Window` in crate `glutin`
[INFO] [stdout]   --> src/main.rs:46:22
[INFO] [stdout]    |
[INFO] [stdout] 46 |     window: &glutin::Window,
[INFO] [stdout]    |                      ^^^^^^ not found in `glutin`
[INFO] [stdout]    |
[INFO] [stdout] help: consider importing one of these items
[INFO] [stdout]    |
[INFO] [stdout] 10 | use glutin::platform::unix::x11::Window;
[INFO] [stdout]    |
[INFO] [stdout] 10 | use glutin::platform::unix::x11::ffi::Window;
[INFO] [stdout]    |
[INFO] [stdout] 10 | use glutin::window::Window;
[INFO] [stdout]    |
[INFO] [stdout] 
[INFO] [stdout] 
[INFO] [stdout] error[E0412]: cannot find type `Window` in crate `glutin`
[INFO] [stdout]   --> src/main.rs:68:21
[INFO] [stdout]    |
[INFO] [stdout] 68 |     window: glutin::Window,
[INFO] [stdout]    |                     ^^^^^^ not found in `glutin`
[INFO] [stdout]    |
[INFO] [stdout] help: consider importing one of these items
[INFO] [stdout]    |
[INFO] [stdout] 10 | use glutin::platform::unix::x11::Window;
[INFO] [stdout]    |
[INFO] [stdout] 10 | use glutin::platform::unix::x11::ffi::Window;
[INFO] [stdout]    |
[INFO] [stdout] 10 | use glutin::window::Window;
[INFO] [stdout]    |
[INFO] [stdout] 
[INFO] [stdout] 
[INFO] [stdout] error[E0433]: failed to resolve: could not find `WindowBuilder` in `glutin`
[INFO] [stdout]   --> src/main.rs:97:31
[INFO] [stdout]    |
[INFO] [stdout] 97 |         let builder = glutin::WindowBuilder::new()
[INFO] [stdout]    |                               ^^^^^^^^^^^^^ not found in `glutin`
[INFO] [stdout]    |
[INFO] [stdout] help: consider importing this struct
[INFO] [stdout]    |
[INFO] [stdout] 10 | use glutin::window::WindowBuilder;
[INFO] [stdout]    |
[INFO] [stdout] 
[INFO] [stdout] 
[INFO] [stdout] error[E0412]: cannot find type `Event` in crate `glutin`
[INFO] [stdout]    --> src/main.rs:138:48
[INFO] [stdout]     |
[INFO] [stdout] 138 |     fn handle_event(&mut self, event: &glutin::Event) {
[INFO] [stdout]     |                                                ^^^^^ not found in `glutin`
[INFO] [stdout]     |
[INFO] [stdout] help: consider importing this enum
[INFO] [stdout]     |
[INFO] [stdout] 10  | use glutin::event::Event;
[INFO] [stdout]     |
[INFO] [stdout] 
[INFO] [stdout] 
[INFO] [stdout] error[E0422]: cannot find struct, variant or union type `Touch` in crate `glutin`
[INFO] [stdout]    --> src/main.rs:154:34
[INFO] [stdout]     |
[INFO] [stdout] 154 |             Event::Touch(glutin::Touch{phase, ..}) => {
[INFO] [stdout]     |                                  ^^^^^ not found in `glutin`
[INFO] [stdout]     |
[INFO] [stdout] help: consider importing one of these items
[INFO] [stdout]     |
[INFO] [stdout] 10  | use glutin::event::Touch;
[INFO] [stdout]     |
[INFO] [stdout] 10  | use glutin::event::WindowEvent::Touch;
[INFO] [stdout]     |
[INFO] [stdout] 
[INFO] [stdout] 
[INFO] [stdout] error[E0599]: no method named `create_texture_const_u8` found for mutable reference `&mut F` in the current scope
[INFO] [stdout]   --> src/main.rs:41:29
[INFO] [stdout]    |
[INFO] [stdout] 41 |     let (_, view) = factory.create_texture_const_u8::<ColorFormat>(kind, &[&img]).unwrap();
[INFO] [stdout]    |                             ^^^^^^^^^^^^^^^^^^^^^^^ method not found in `&mut F`
[INFO] [stdout] 
[INFO] [stdout] 
[INFO] [stdout] error[E0599]: no method named `create_texture_const_u8` found for mutable reference `&mut F` in the current scope
[INFO] [stdout]   --> src/main.rs:41:29
[INFO] [stdout]    |
[INFO] [stdout] 41 |     let (_, view) = factory.create_texture_const_u8::<ColorFormat>(kind, &[&img]).unwrap();
[INFO] [stdout]    |                             ^^^^^^^^^^^^^^^^^^^^^^^ method not found in `&mut F`
[INFO] [stdout] 
[INFO] [stdout] 
[INFO] [stdout] error[E0061]: this function takes 3 arguments but 1 argument was supplied
[INFO] [stdout]    --> src/main.rs:101:15
[INFO] [stdout]     |
[INFO] [stdout] 101 |             = gfx_window_glutin::init(builder);
[INFO] [stdout]     |               ^^^^^^^^^^^^^^^^^^^^^^^ ------- supplied 1 argument
[INFO] [stdout]     |               |
[INFO] [stdout]     |               expected 3 arguments
[INFO] [stdout] 
[INFO] [stdout] 
[INFO] [stdout] error[E0061]: this function takes 3 arguments but 1 argument was supplied
[INFO] [stdout]    --> src/main.rs:101:15
[INFO] [stdout]     |
[INFO] [stdout] 101 |             = gfx_window_glutin::init(builder);
[INFO] [stdout]     |               ^^^^^^^^^^^^^^^^^^^^^^^ ------- supplied 1 argument
[INFO] [stdout]     |               |
[INFO] [stdout]     |               expected 3 arguments
[INFO] [stdout] 
[INFO] [stdout] 
[INFO] [stdout] error[E0308]: mismatched types
[INFO] [stdout]    --> src/main.rs:100:13
[INFO] [stdout]     |
[INFO] [stdout] 100 |         let (window, device, mut factory, main_color, main_depth)
[INFO] [stdout]     |             ^^^^^^^^^^^^^^^^^^^^^^^^^^^^^^^^^^^^^^^^^^^^^^^^^^^^^ expected enum `std::result::Result`, found tuple
[INFO] [stdout] 101 |             = gfx_window_glutin::init(builder);
[INFO] [stdout]     |               -------------------------------- this expression has type `std::result::Result<(glutin::windowed::ContextWrapper<glutin::context::PossiblyCurrent, winit::Window>, gfx_gl::Device, gfx_gl::Factory, RenderTargetView<gfx_gl::Resources, _>, DepthStencilView<gfx_gl::Resources, _>), glutin::CreationError>`
[INFO] [stdout]     |
[INFO] [stdout]     = note: expected enum `std::result::Result<(glutin::windowed::ContextWrapper<glutin::context::PossiblyCurrent, winit::Window>, gfx_gl::Device, gfx_gl::Factory, RenderTargetView<gfx_gl::Resources, _>, DepthStencilView<gfx_gl::Resources, _>), glutin::CreationError>`
[INFO] [stdout]               found tuple `(_, _, _, _, _)`
[INFO] [stdout] 
[INFO] [stdout] 
[INFO] [stdout] error[E0308]: mismatched types
[INFO] [stdout]    --> src/main.rs:100:13
[INFO] [stdout]     |
[INFO] [stdout] 100 |         let (window, device, mut factory, main_color, main_depth)
[INFO] [stdout]     |             ^^^^^^^^^^^^^^^^^^^^^^^^^^^^^^^^^^^^^^^^^^^^^^^^^^^^^ expected enum `std::result::Result`, found tuple
[INFO] [stdout] 101 |             = gfx_window_glutin::init(builder);
[INFO] [stdout]     |               -------------------------------- this expression has type `std::result::Result<(glutin::windowed::ContextWrapper<glutin::context::PossiblyCurrent, winit::Window>, gfx_gl::Device, gfx_gl::Factory, RenderTargetView<gfx_gl::Resources, _>, DepthStencilView<gfx_gl::Resources, _>), glutin::CreationError>`
[INFO] [stdout]     |
[INFO] [stdout]     = note: expected enum `std::result::Result<(glutin::windowed::ContextWrapper<glutin::context::PossiblyCurrent, winit::Window>, gfx_gl::Device, gfx_gl::Factory, RenderTargetView<gfx_gl::Resources, _>, DepthStencilView<gfx_gl::Resources, _>), glutin::CreationError>`
[INFO] [stdout]               found tuple `(_, _, _, _, _)`
[INFO] [stdout] 
[INFO] [stdout] 
[INFO] [stdout] error: aborting due to 15 previous errors
[INFO] [stdout] 
[INFO] [stdout] 
[INFO] [stdout] Some errors have detailed explanations: E0061, E0308, E0412, E0422, E0425, E0432, E0433, E0599.
[INFO] [stdout] 
[INFO] [stdout] For more information about an error, try `rustc --explain E0061`.
[INFO] [stdout] 
[INFO] [stderr] error: could not compile `gfx_test`.
[INFO] [stderr] 
[INFO] [stderr] To learn more, run the command again with --verbose.
[INFO] [stderr] warning: build failed, waiting for other jobs to finish...
[INFO] [stdout] error: aborting due to 15 previous errors
[INFO] [stdout] 
[INFO] [stdout] 
[INFO] [stdout] Some errors have detailed explanations: E0061, E0308, E0412, E0422, E0425, E0432, E0433, E0599.
[INFO] [stdout] 
[INFO] [stdout] For more information about an error, try `rustc --explain E0061`.
[INFO] [stdout] 
[INFO] [stderr] error: build failed
[INFO] running `Command { std: "docker" "inspect" "c269d644c995d4caf63e080ad80187dacdb7048d6e650ef67a2a815563fd7d9b", kill_on_drop: false }`
[INFO] running `Command { std: "docker" "rm" "-f" "c269d644c995d4caf63e080ad80187dacdb7048d6e650ef67a2a815563fd7d9b", kill_on_drop: false }`
[INFO] [stdout] c269d644c995d4caf63e080ad80187dacdb7048d6e650ef67a2a815563fd7d9b
